 -2*u**2 + 30*u - 22. Calculate h(17).
-90
Let s(c) = c**2 + 3*c - 9. Give s(-5).
1
Let v(m) = 4*m**2 + 2*m - 83. Determine v(0).
-83
Let h(t) = 2*t**2 + 3*t - 4. Determine h(4).
40
Let x(q) = -q**3 + 8*q**2 + 6*q + 12. What is x(9)?
-15
Let q(z) = -6*z + 20. Calculate q(8).
-28
Let d(t) = t**3 - 18*t**2 + 2*t - 44. Give d(18).
-8
Let w(g) = -7*g**2 - 38*g - 38. What is w(-1)?
-7
Let r(d) = -d**3 + 3*d**2 + 4*d + 8. Give r(5).
-22
Let g(n) = -n**2 - n + 26. What is g(5)?
-4
Let k(m) = -m**3 + 11*m**2 - 11*m + 5. Determine k(9).
68
Let g(j) = j + 13. Determine g(-5).
8
Let p(x) = -2*x**2 + 31*x - 92. Determine p(11).
7
Let w(i) = -i**2 - 4*i. Determine w(-2).
4
Let n(j) = -25*j - 238. What is n(-9)?
-13
Let q(f) = -56*f + 780. What is q(14)?
-4
Let b(h) = h**3 - 14*h**2 - 29*h - 50. Determine b(16).
-2
Let c(x) = x**2 - 3*x - 9. Calculate c(14).
145
Let b(m) = -20*m + 2. What is b(1)?
-18
Let l(q) = q**3 - 5*q**2 + 4*q - 3. Calculate l(4).
-3
Let w(d) = 2*d. Determine w(-8).
-16
Let m(q) = -2*q**2 + 60*q + 131. Give m(32).
3
Let u(o) = -o**3 + 11*o**2 + 13*o + 2. What is u(12)?
14
Let j(r) = 37*r - 2. Calculate j(1).
35
Let y(f) = 4*f - 7. Determine y(5).
13
Let g(y) = -y**2 + 12*y - 16. Give g(8).
16
Let h(u) = 8*u**2 + 3*u - 2. What is h(-2)?
24
Let m(z) = z**2 - 17*z + 12. Determine m(17).
12
Let r(m) = -10*m + 10. What is r(-1)?
20
Let a(t) = t**3 - 12*t**2 + 12*t + 8. Calculate a(11).
19
Let m(c) = c**2 + 2*c + 5. What is m(8)?
85
Let u(d) = 41*d + 159. Determine u(-4).
-5
Let d(v) = -v**3 + 7*v**2 - 3*v + 7. Give d(4).
43
Let o(g) = 2*g - 14. Give o(6).
-2
Let a(u) = 6*u**2 + 5*u + 6. Calculate a(-1).
7
Let x(f) = 3*f**2 - 142*f + 50. Calculate x(47).
3
Let g(k) = -k**3 + 8*k**2 - 6*k + 1. Determine g(7).
8
Let f(m) = 3*m + 5. What is f(-3)?
-4
Let h(x) = 10*x**3 - 2*x**2 - 2*x - 1. Give h(-1).
-11
Let z(u) = 2*u + 7. Give z(0).
7
Let w(z) = z**2 - 2*z + 8. Calculate w(7).
43
Let i(b) = -b**3 + 14*b**2 - 37*b + 43. Give i(11).
-1
Let c(a) = a**3 + 8*a**2 - 9*a + 19. Determine c(-9).
19
Let h(a) = -2*a**3 + a + 5. Determine h(0).
5
Let z(r) = -r**2 - 14*r + 4. Determine z(-15).
-11
Let l(k) = 2*k**2 - 10*k + 2. Determine l(3).
-10
Let o(x) = x - 28. What is o(-4)?
-32
Let z(b) = -b + 32. Determine z(16).
16
Let o(q) = -q**2 - 12*q - 41. Determine o(-5).
-6
Let y(x) = -x**3 - 9*x**2 - x - 1. What is y(-9)?
8
Let y(l) = -l**2 + 2*l + 19. Give y(8).
-29
Let p(i) = i**3 + 5*i**2 + 2*i - 2. Calculate p(-6).
-50
Let y(t) = -t**3 + 13*t**2 - 25*t + 8. What is y(11)?
-25
Let j(z) = z**2 + 4*z - 7. Determine j(-8).
25
Let p(g) = g**2 + 16*g + 48. What is p(-14)?
20
Let x(q) = q**3 - 6*q**2 - 5*q - 9. Calculate x(7).
5
Let f(x) = -2*x**3 + 10*x**2 - 20*x + 56. What is f(4)?
8
Let s(j) = -j + 33. Determine s(0).
33
Let a(o) = 50*o**2 + 2*o + 1. What is a(-1)?
49
Let n(l) = -l**3 + 9*l**2 - 8*l - 1. Calculate n(9).
-73
Let t(v) = 2*v**3 - 7*v**2 + v + 8. Give t(5).
88
Let k(x) = -x**3 + 5*x**2 + 9*x - 13. What is k(6)?
5
Let k(u) = -u**2 + 4*u. Give k(5).
-5
Let v(g) = g**2 + 9*g - 13. Give v(-12).
23
Let n(c) = 3*c**3 - 10*c**2 - 12*c + 14. What is n(4)?
-2
Let s(n) = 4*n + 17. Determine s(-4).
1
Let c(g) = -4*g + 5. What is c(-1)?
9
Let o(j) = -2*j**3 - 3*j**2 - 2*j. Calculate o(-3).
33
Let x(s) = 2*s. What is x(3)?
6
Let b(z) = 4*z + 39. Give b(-9).
3
Let m(r) = r**2 - 14*r + 15. Give m(11).
-18
Let v(w) = -w**3 - 5*w**2 + w + 1. Calculate v(-5).
-4
Let m(u) = -8*u**2 - 6*u - 2. What is m(-1)?
-4
Let b(p) = -p + 5. Calculate b(0).
5
Let b(h) = h**3 - 8*h**2 + 7*h + 22. Calculate b(7).
22
Let s(w) = w**2 - 8*w - 39. Calculate s(12).
9
Let g(n) = -3*n + 41. What is g(12)?
5
Let r(c) = -c**3 - 10*c**2 - 12*c + 2. Give r(-7).
-61
Let b(k) = -2*k**2 + 10*k + 10. Give b(6).
-2
Let g(i) = -i - 10. What is g(7)?
-17
Let l(d) = -d**2 - 4*d + 16. What is l(0)?
16
Let w(a) = a**3 + 4*a**2 - 3*a + 8. What is w(-5)?
-2
Let g(q) = q**3 + 2*q**2 - q - 1. Calculate g(-2).
1
Let b(a) = a**3 - 6*a**2 + 6*a + 3. Calculate b(5).
8
Let o(j) = j**3 - 4*j**2 - 3*j + 9. Calculate o(3).
-9
Let a(o) = 13*o + 30. Calculate a(-5).
-35
Let u(c) = -7*c**3 + 2*c**2. Determine u(1).
-5
Let g(c) = -4*c - 14. Give g(0).
-14
Let z(h) = 2*h**2 + 9*h + 9. What is z(-7)?
44
Let l(r) = -r - 5. Determine l(6).
-11
Let x(z) = 18*z + 1. Give x(-1).
-17
Let k(h) = h**2 + 16*h + 18. What is k(-16)?
18
Let o(d) = -26*d + 25. Calculate o(1).
-1
Let j(g) = -8*g**3 - 4*g**2 + 14*g. Give j(2).
-52
Let n(i) = i**3 - 10*i**2 - 28*i + 41. What is n(12)?
-7
Let c(p) = p**2 + 39*p + 97. Determine c(-36).
-11
Let g(w) = -w**3 - 8*w**2 - 9*w + 7. What is g(-2)?
1
Let v(s) = 7*s + 101. Give v(-13).
10
Let g(t) = 6*t + 85. Calculate g(-11).
19
Let y(b) = -b**3 + 46*b**2 - 43*b - 93. Determine y(45).
-3
Let p(h) = h**2 + 5*h - 29. Calculate p(-9).
7
Let l(d) = -11*d + 54. Give l(7).
-23
Let q(m) = m - 10. Give q(14).
4
Let n(b) = -b**3 + 6*b**2 + 4*b - 19. Determine n(6).
5
Let a(b) = -6*b - 32. Determine a(-4).
-8
Let z(h) = -h**2 + 3*h + 1. Determine z(4).
-3
Let h(t) = t**3 - 10*t**2 + 17*t - 9. Calculate h(8).
-1
Let q(h) = 2*h**2 + 7*h - 9. Give q(3).
30
Let k(b) = -20*b + 3. What is k(2)?
-37
Let w(s) = -s**3 + 11*s**2 - 21*s. What is w(3)?
9
Let j(a) = a**2 + 7*a - 24. Give j(-10).
6
Let o(s) = -s**2 + 8*s + 3. What is o(9)?
-6
Let d(y) = 2*y + 7. Calculate d(7).
21
Let a(g) = -g + 16. Give a(11).
5
Let r(o) = -o**2 - 4*o + 4. Determine r(-3).
7
Let n(m) = -4*m - 5. What is n(-5)?
15
Let r(v) = 10*v + 1. Give r(1).
11
Let k(a) = a**2 - 18*a - 57. Give k(20).
-17
Let j(d) = 44*d**2 - d. Calculate j(-1).
45
Let m(v) = 3*v**2 + 11*v - 8. What is m(-4)?
-4
Let i(k) = -k**2 - 19*k - 83. Calculate i(-6).
-5
Let r(f) = 37*f**3 - f**2 + 2*f + 1. Determine r(-1).
-39
Let w(z) = z**2 + z - 7. Determine w(3).
5
Let v(w) = 3*w + 2. Calculate v(1).
5
Let q(y) = 2*y**2 - 3*y + 2. Calculate q(2).
4
Let l(z) = z - 11. Determine l(10).
-1
Let d(p) = -p**2 + p + 102. Determine d(0).
102
Let b(s) = -3*s**2 + 9*s + 5. Calculate b(5).
-25
Let x(h) = h**3 - 6*h**2 + 3*h - 9. Calculate x(6).
9
Let u(q) = -q**2 - 16*q - 1. Give u(-16).
-1
Let x(k) = k + 4. Give x(-24).
-20
Let r(k) = -k + 3. What is r(8)?
-5
Let a(d) = -5*d + 5. Determine a(0).
5
Let g(d) = -6*d + 3. What is g(0)?
3
Let w(d) = -16*d + 9. Calculate w(0).
9
Let a(u) = u**2 - 6*u - 2. Determine a(5).
-7
Let u(t) = 23*t + 73. Determine u(-3).
4
Let b(t) = -t**3 - 8*t**2 + 16*t + 12. What is b(-10)?
52
Let p(f) = -f**3 + 3*f + 2. What is p(4)?
-50
Let g(y) = -y**2 + 15*y + 56. Calculate g(17).
22
Let g(n) = -n**3 - 3*n**2 - 2*n + 2. Give g(-2).
2
Let y(l) = -l**2 + 15*l - 56. Determine y(10).
-6
Let l(u) = 8*u**2 + 2*u - 2. What is l(1)?
8
Let y(p) = -p**3 - p**2 - p + 3. Determine y(1).
0
Let z(g) = -7*g - 12. Determine z(-3).
9
Let m(f) = -5*f - 1. Give m(-2).
9
Let h(a) = a**3 - a**2 - a - 52. Calculate h(0).
-52
Let d(u) = 2*u**2 + 8*u + 4. Calculate d(-7).
46
Let w(l) = -13*l - 110. What is w(-8)?
-6
Let x(g) = -6*g - 38. Calculate x(-4).
-14
Let b(u) = -40*u + 13. Determine b(-3).
133
Let s(t) = t**3 + 2*t**2 - 6*t - 12. Determine s(-2).
0
Let q(v) = v**3 - 8*v**2 + 5*v - 2. Determine q(3).
-32
Let i(o) = -o + 9. What is i(14)?
-5
Let i(q) = -3*q**2 + 2*q + 3. Give i(3).
-18
Let f(c) = -c**2 - 9*c - 5. Determine f(-5).
15
Let y(g) = -8*g + 5. Determine y(9).
-67
Let o(s) = -s**2 - 12*s. Determine o(-11).
11
Let c(l) = 3*l - 10. Calculate c(3).
-1
Let x(q) = q + 6. Determine x(6).
12
Let i(r) = 6*r + 161. Determine i(-25).
11
Let d(c) = c - 7. Give d(-4).
-11
Let y(l) = 2*l - 1. Give y(3).
5
Let o(y) = -y**3 + 10*y**2 + 4*y - 19. Determine o(10).
21
Let t(n) = -n - 3. What is t(-7)?
4
Let c(v) = -50*v - 417. What is c(-9)?
33
Let p(q) = 6*q + 177. Determine p(-29).
3
Let k(v) = 11*v**2 - v - 1. Determine k(-1).
11
Let v(d) = 4*d**2 - d - 1. Determine v(2).
13
Let o(d) = d**3 - 9*d**2 + 9*d - 9. Calculate o(6).
-63
Let r(s) = s + 6. Calculate r(19).
25
Let d(x) = 11*x + 45. Calculate d(-4).
1
Let b(s) = -s**2 + 20*s + 69. Give b(-3).
0
Let x(c) = -c**3 + c**2 + 2*c + 8. Give x(0).
8
Let a(j) = -j**2 + 4*j + 27. What is a(7)?
6
Let d(c) = -c**2 - 6*c - 7. Calculate d(-7).
-14
Let q(h) = 13*h - 83. Determine q(6).
-5
Let n(p) = 2*p + 19. What is n(-4)?
1